13368*i + 566923. Determine k(-5).
-92
Let f(k) = 2*k**3 + 22*k**2 + 681*k + 5223. Determine f(-8).
159
Let t(h) = 30663*h + 1993007. Calculate t(-65).
-88
Let t(u) = -77868*u - 77910. Determine t(-1).
-42
Let g(v) = 3106*v - 350975. Give g(113).
3
Let a(g) = g**3 - 174*g**2 + 148*g + 4341. What is a(173)?
16
Let f(s) = 2*s**3 - 2*s**2 - 84*s + 130. Determine f(6).
-14
Let a(d) = -d**3 + 204*d**2 + 15510*d - 447. What is a(-59)?
-34
Let m(h) = -h**2 - 571*h + 21873. Calculate m(36).
21
Let j(x) = 5*x**3 - 172*x**2 + 48*x + 663. Give j(34).
-17
Let p(f) = f**2 - 81*f - 1048. Determine p(93).
68
Let n(w) = 105122*w + 210216. Determine n(-2).
-28
Let c(h) = 8*h**3 - 168*h**2 - 1040*h - 37. Give c(26).
-37
Let h(f) = -f**3 + 79*f**2 - 1701*f + 47429. Calculate h(64).
5
Let b(f) = f**2 - 705*f - 144593. Determine b(-166).
-7
Let n(v) = -2*v**3 + 266*v**2 - 1041*v - 827. Give n(129).
-1988
Let j(k) = -122507*k + 8330465. Calculate j(68).
-11
Let z(p) = -4*p**2 + 7507*p + 15037. Determine z(-2).
7
Let a(y) = 2*y**3 + 152*y**2 + 33*y + 772. Calculate a(-76).
-1736
Let p(j) = -5*j**3 + 19*j - 38. Calculate p(3).
-116
Let m(x) = -3312*x - 1576515. What is m(-476)?
-3
Let r(z) = z**2 + 134703*z - 808269. What is r(6)?
-15
Let k(i) = -125730*i + 251485. Give k(2).
25
Let i(t) = -2*t**3 - 1477*t**2 - 271749*t - 1561. Give i(-391).
3
Let g(r) = 16658*r + 149991. Give g(-9).
69
Let n(d) = d**2 - 1590*d + 85890. What is n(1534)?
-14
Let g(p) = -2*p**2 + 137*p - 247. Give g(30).
2063
Let v(j) = 755*j - 224243. Determine v(297).
-8
Let g(i) = 194*i - 7502. Give g(40).
258
Let i(m) = 485*m**2 - 74207*m + 304. Calculate i(153).
-2
Let w(h) = -13*h**3 - 20*h**2 - 1313*h + 1334. Give w(1).
-12
Let h(y) = 5*y**3 + 29*y**2 + 89*y + 531. Give h(-6).
-39
Let k(a) = 332*a**2 - 2964*a - 295. Give k(9).
-79
Let y(o) = 596*o - 3769. What is y(7)?
403
Let v(d) = 3232863*d + 16164311. What is v(-5)?
-4
Let u(r) = -1807203*r - 1807197. Calculate u(-1).
6
Let c(m) = 536*m - 165074. Give c(308).
14
Let d(s) = 167093*s - 668294. Give d(4).
78
Let n(j) = j**3 - 264*j**2 + 1090*j - 13070. Calculate n(260).
-70
Let a(b) = 3*b**3 + 5*b**2 + 15827*b + 95037. Calculate a(-6).
-393
Let b(q) = -q**3 + 2*q**2 - 253*q + 1341. What is b(5)?
1
Let c(a) = -a**2 - 17*a + 56. Calculate c(22).
-802
Let k(a) = -18077*a - 1446143. What is k(-80)?
17
Let u(q) = -q**3 - 68*q**2 - 2986*q - 70154. Give u(-38).
-6
Let u(w) = 958*w - 337764. Calculate u(352).
-548
Let k(t) = 7101*t + 5013313. Determine k(-706).
7
Let l(r) = 84853*r - 424959. What is l(5)?
-694
Let t(c) = -12*c**2 - 315*c + 629. Determine t(2).
-49
Let j(h) = 2579*h + 176. Give j(0).
176
Let p(m) = -59172*m - 31952866. What is p(-540)?
14
Let o(u) = 2*u**2 + 837*u + 13387. What is o(-17)?
-264
Let x(d) = -149*d - 11794. Give x(-66).
-1960
Let m(t) = -6876*t - 110039. What is m(-16)?
-23
Let g(n) = 17*n + 4462. What is g(-263)?
-9
Let p(o) = 5108*o - 30546. Determine p(6).
102
Let d(p) = -p**2 + 378*p - 31758. What is d(252)?
-6
Let n(a) = -28*a**3 - 1744*a**2 - 496*a + 5. What is n(-62)?
5
Let p(w) = 23*w**2 + 155*w - 197104. Give p(-96).
-16
Let p(j) = -15884*j - 127251. Give p(-8).
-179
Let l(w) = 2*w**3 + 511*w**2 + 6242*w - 810. Give l(-13).
9
Let z(a) = 1575*a - 86459. What is z(55)?
166
Let m(p) = p**2 + 100*p - 29617. What is m(-228)?
-433
Let f(c) = -c**3 + 36*c**2 + 472*c - 53. Give f(-10).
-173
Let o(z) = 2048*z**2 + 24575*z + 84. Determine o(-12).
96
Let g(h) = h**3 - 24*h**2 + 130*h - 108. Give g(17).
79
Let y(j) = -5*j**2 - 537*j + 2382. Determine y(-112).
-194
Let b(y) = -18*y**2 + 3237*y - 15776. Give b(5).
-41
Let r(s) = -2*s**3 - 46*s**2 - 421*s - 9675. What is r(-23)?
8
Let x(s) = 7*s**3 + 39*s**2 + 5*s + 124. Give x(-6).
-14
Let k(r) = 3*r**2 - 408105*r + 1224289. What is k(3)?
1
Let n(h) = -h**3 + 69*h**2 - 204*h - 196. What is n(66)?
-592
Let c(u) = -5925*u - 124425. Calculate c(-21).
0
Let x(g) = -6*g**3 - 46*g**2 - 318*g - 1205. What is x(-5)?
-15
Let c(n) = -292*n**2 - 43317*n + 28476. Calculate c(-149).
17
Let f(k) = 6*k**3 + 5416*k**2 - 12680*k - 9054. What is f(-905)?
-4
Let h(b) = 1382*b - 78765. Give h(57).
9
Let p(m) = 5*m**3 - 11*m**2 - 49*m + 87. Calculate p(6).
477
Let a(g) = 4*g**2 + 117*g - 845. Determine a(-35).
-40
Let d(f) = f**3 - 12*f**2 + 11149*f - 89036. Calculate d(8).
-100
Let l(w) = 1016*w + 2526. Determine l(-4).
-1538
Let i(m) = -3*m**2 + 97*m - 1207. Give i(17).
-425
Let g(b) = -2*b**3 + 203*b**2 - 1052*b - 61. Give g(96).
323
Let q(z) = z**3 - 46*z**2 - 1682*z + 53978. Give q(59).
-7
Let s(a) = -1060*a - 4302. Determine s(-4).
-62
Let i(n) = 1603*n - 13318. Calculate i(8).
-494
Let m(l) = l**2 + 30318*l + 1724884. Determine m(-57).
7
Let z(p) = p**3 - 68*p**2 + 96*p - 5940. What is z(68)?
588
Let u(v) = 8*v**2 + 2923*v - 150016. Give u(-411).
-1
Let b(y) = 19262*y + 38485. Calculate b(-2).
-39
Let y(o) = -311*o**2 + 49132*o + 945. What is y(158)?
-3
Let r(h) = -2*h**2 - 2194*h + 112302. Determine r(49).
-6
Let s(a) = 2*a**3 - 41*a**2 + 4644*a + 46570. Determine s(-9).
-5
Let j(x) = 6*x**2 + 2996*x + 105173. What is j(-38)?
-11
Let a(t) = -t**3 + 195*t**2 - 196*t + 2022. Determine a(194).
1634
Let j(g) = 895*g + 2527. What is j(-3)?
-158
Let n(d) = d**2 + 3287*d - 245313. Determine n(73).
-33
Let u(x) = -x**2 - 76653*x + 843300. What is u(11)?
-4
Let h(u) = -375*u + 25504. Determine h(66).
754
Let p(y) = 4*y**3 - 1937*y**2 + 472*y + 5859. Give p(484).
51
Let r(u) = -65100*u + 195349. Calculate r(3).
49
Let a(d) = -195*d - 2718. Give a(-18).
792
Let h(k) = -310*k + 1051. Calculate h(0).
1051
Let o(y) = -92*y**2 + 29*y + 120. Calculate o(-4).
-1468
Let a(t) = -6977*t - 202271. Calculate a(-29).
62
Let v(a) = -353897*a - 3892917. Calculate v(-11).
-50
Let g(s) = -26422*s - 343500. Calculate g(-13).
-14
Let l(y) = 12276*y + 380543. What is l(-31)?
-13
Let h(x) = -x**3 - 8*x**2 + 183*x - 267. Give h(9).
3
Let c(f) = -f**3 + 147*f**2 - 1180*f + 9447. Determine c(139).
-5
Let l(s) = s**2 - 1226*s - 92092. Determine l(-71).
-5
Let l(o) = 2*o**3 - 8*o**2 + 103*o + 822. Give l(-8).
-1538
Let u(m) = 3*m**2 + 626*m - 6808. Determine u(-219).
-19
Let h(t) = 22*t**2 + 2592*t + 23319. Calculate h(-108).
-9
Let v(h) = 5*h**2 - 265*h + 793. Give v(3).
43
Let t(n) = -1682*n - 319535. What is t(-190)?
45
Let q(f) = -6*f**3 + 345*f**2 + 178*f - 235. Calculate q(58).
-3
Let t(j) = 77*j - 655. Give t(8).
-39
Let f(p) = 5*p**2 + 10370*p - 135688. Give f(13).
-33
Let o(v) = -3*v**3 - 288*v**2 - 842*v - 476. Calculate o(-93).
-11
Let g(h) = -h**3 - 149*h**2 - 3013*h + 133. Calculate g(-24).
445
Let t(n) = -12*n**3 - 1316*n**2 + 384*n - 6150. What is t(-110)?
10
Let h(d) = d**3 - 626*d**2 - 631*d + 2485. Determine h(627).
-23
Let c(f) = 6*f**3 - 171*f**2 + 879*f - 436. Give c(22).
26
Let k(g) = -3*g**3 + 501*g**2 + 1264*g - 211086. Give k(167).
2
Let d(c) = c**3 + 204*c**2 - 7287*c - 545. What is d(-235)?
-75
Let s(w) = -52173*w - 260807. What is s(-5)?
58
Let n(h) = -8*h**2 + 156*h + 780. Give n(-5).
-200
Let m(r) = -2*r**3 - 393*r**2 + 1822*r + 366. Give m(-201).
-2247
Let m(n) = 18*n + 321. Calculate m(53).
1275
Let x(m) = -2*m**3 + 30*m**2 - m + 56. Calculate x(7).
833
Let z(q) = 2*q**3 - 835*q**2 + 9339*q - 435. Determine z(406).
-29
Let n(x) = -3*x**2 - 266*x - 1342. Give n(-83).
69
Let b(p) = -p**3 - 19*p**2 - 150*p + 34. Determine b(-6).
466
Let a(m) = 2251*m**2 - 68*m - 72. Give a(-1).
2247
Let t(g) = -g**2 + 699*g - 102410. Determine t(209).
0
Let f(x) = -x**3 + 14*x**2 + 1202*x + 2561. Calculate f(-27).
-4
Let d(y) = 289*y - 5903. What is d(20)?
-123
Let u(w) = -9*w**3 - 1221*w**2 + 409*w + 10. Calculate u(-136).
-126
Let o(b) = 3*b**2 + 86*b + 1373. Determine o(-16).
765
Let x(b) = 4*b**2 - 1083*b - 43829. Give x(308).
2063
Let k(l) = 1522*l**2 - 79237*l + 4845. What is k(52)?
9
Let t(x) = 74*x**2 - 26107*x - 57922. What is t(355)?
-57
Let b(r) = -5*r**3 + 31*r**2 + 435*r + 13. What is b(12)?
1057
Let y(d) = 683*d**2 + 12305*d + 210. Determine y(-18).
12
Let g(n) = -2421*n + 36347. Calculate g(15).
32
Let x(g) = -3630*g - 174243. Calculate x(-48).
-3
Let x(i) = -i**3 - 65*i**2 - 39*i + 12. Give x(0).
12
Let c(s) = -s**3 - 142*s**2 - 308*s - 3884. Calculate c(-140).
36
Let j(k) = -k**3 - 212*k**2 - 